-17
Let w(b) = -4 + 21 + 9 + 3*b**2 - 30*b + 7 - 38. What is w(9)?
-32
Let h(z) = -1061*z + 119 + 142 + 1010*z. Determine h(5).
6
Let t(u) = u**2 + 30. Suppose -r + 2 = -c, -12*c = -r - 8*c + 8. Determine t(r).
30
Suppose -5*o - 50 = m - 85, 0 = -4*o + 20. Let p(q) = -m*q + 27 + 2*q - 29 - q. Calculate p(1).
-11
Let z(h) = 8*h - 8*h**2 - 9*h**3 + 5*h**2 + 5*h**3 + 3*h**3 + 8*h**2. Suppose 4*v = -4*q + 124, -3*v = 4*q + 19 - 142. Suppose -4*w + 9*w = q. What is z(w)?
12
Suppose 11*b - 36 - 8 = 0. Let x be 6*(-44)/(-6) - (0 - b). Let d(c) = -c**3 + 100 - 30 - x. Calculate d(0).
22
Let b = -12 - -5. Let y(o) = -o**3 - 3*o**2 + 30*o + 114. Let f be y(-5). Let g(n) = 10*n**3 - 9*n + 5*n**3 + 10*n + 10 + 9*n + 8*n**2 - f*n**3. Determine g(b).
-11
Let g(x) be the third derivative of -37*x**6/60 + x**5/60 - x**4/6 + x**3/3 + 8*x**2 + 2*x + 13. What is g(1)?
-75
Let u(h) = -10*h**2 - h. Let j(r) = -9*r**2 - 1. Let k(d) = 2*j(d) - 3*u(d). Determine k(1).
13
Let l(w) = w**3 + 6*w**2 + 7*w + 6. Let i be (-2 - 1)/(3/(-12) + 345/276). Calculate l(i).
12
Let b(a) = -4*a - 23. Let l be b(-7). Let p be (2 - l) + 18/2. Let o(y) = 4*y - 5*y**2 - p*y + 3*y. Determine o(-1).
-6
Let s(r) = 5*r**2 + 11*r + 3. Let c(u) = 17*u**2 + 35*u + 8. Let a(f) = -2*c(f) + 7*s(f). Suppose -b + 11 = 17. Give a(b).
-1
Suppose 0 + 2 = 2*j. Let f(t) = j + 83*t - 6 - 81*t - 1. What is f(5)?
4
Let i(b) = 26*b**2 - 2*b - 213. Let n(p) = 2*p**2 + p. Let z(j) = -i(j) - n(j). Let w(g) be the first derivative of z(g). Give w(1).
-55
Let d(n) = n**3 + 7*n**2 - 5*n - 9. Let t be d(-5). Let a = -60 + t. Let s(v) = 2 + 7*v + 9 - 7 + v**3 + a*v**2. Calculate s(-4).
8
Let w be (-2)/(-2)*((-16)/(-1) - 2). Let f(d) = -15*d + 4*d + d**2 + 6*d - w. Determine f(7).
0
Let h(y) = 2*y - 4. Suppose d = u + 21, -19*d = -20*d + 5*u + 13. Suppose d*m + 24 = 27*m. Calculate h(m).
8
Let g(i) = 223*i**2 - 85*i**2 - 4*i**3 + 5*i**3 + 26*i - 74*i**2 + 8 - 75*i**2. Calculate g(5).
-12
Suppose -f = -13*i - 203 + 44, 3*i = 3*f - 153. Let r(l) be the first derivative of 1/2*l**2 + 3*l - f. Give r(-6).
-3
Suppose 6*g + 16 = 34. Let o(l) = -484*l**3 + 970*l**g + 21 - 485*l**3. Calculate o(0).
21
Let n(p) = -2*p**2 - 7*p + 121. Let b(o) = -7*o**2 - 34*o + 483. Let y(i) = 4*b(i) - 15*n(i). Calculate y(8).
-3
Let a(j) be the second derivative of -j**5/20 + j**3/6 + j**2 - j. Let y be (-536)/(-40) + 14/(-35). Suppose 4*m - 10 = 2*q, -3*m + q - 8 = -y. Calculate a(m).
2
Let j(o) = o**3 + 2*o**2 - 4*o - 1. Let i(n) = -18*n - 10. Let x be i(-1). Let k be 2/x - (-44)/16. Let z be (-1)/(-1 - (34/(-8) + k)). Calculate j(z).
-17
Let l(m) be the third derivative of m**6/120 - 3*m**5/40 - m**4/6 + 16*m**3/3 - 61*m**2. Let z(h) be the first derivative of l(h). Determine z(4).
8
Let v = 1 - 3. Let s(r) = 1797*r + 1798*r + 1791*r + 1799*r - 7187*r. What is s(v)?
4
Let h(y) = -5*y - 52 + 4*y**3 + 0*y**3 + 22 - 3*y**3 + 19. Calculate h(3).
1
Let a(f) be the third derivative of f**5/60 - 5*f**4/24 + f**3/3 - 184*f**2. Give a(7).
16
Let h(a) = -a**3 - 6*a**2 - 2*a + 6. Let x(o) = 2*o**3 + 7*o**2 + 2*o - 7. Let v(y) = 3*h(y) + 2*x(y). Suppose -349 = 188*w - 1101. Determine v(w).
-4
Let n = -18 - -10. Let v(h) = 5*h + 13. Let p be ((-3)/(-2))/((-35)/(-70)). Let w(k) = -9*k - 25. Let z(d) = p*w(d) + 5*v(d). Give z(n).
6
Let x(w) be the third derivative of w**4/6 - 9*w**3 - 26*w**2 + 11*w. Calculate x(14).
2
Let o(l) = l + 6. Let r be o(0). Let y(g) = 0*g + 2 - g - r. Let a be ((-22 - -7) + 15)/(-1*2). Calculate y(a).
-4
Let h(t) = -33 - t**2 + 2*t**2 - 24*t + 4 + 116 - 5. What is h(19)?
-13
Let t(s) = s**3 + 13*s**2 - 2*s - 43. Let w be t(-13). Let u = 11 + w. Let v be 6*u/(-36) + -4. Let k(a) = a**2 - 4. Determine k(v).
5
Let h(n) = 10*n - 231. Let l(k) = -90*k + 2109. Let j(m) = 19*h(m) + 2*l(m). Determine j(17).
-1
Let k(i) = i + 14 + 11 - 9 + 2*i - 3. What is k(6)?
31
Let r be 86/4 + (-9)/(-6). Let z(h) = 11*h + r - 7*h**2 - 2*h**3 + 1 + h**3 - 15. Calculate z(-8).
-15
Let c(y) = -16*y**3 + 5*y**2 - y - 4. Let v(w) = -16*w**3 - 16*w**2 + 3*w + 5. Let k be v(-1). What is c(k)?
-114
Let t(c) = 4 - 4 - c - 4. Let p(f) = -5*f**2 - 6*f - 2*f**2 - 61 + 8*f**2 + 0*f**2. Let b be p(-5). Determine t(b).
2
Let q(j) = -34 + 20*j + 4*j + 7*j + 41. Determine q(-2).
-55
Let k(c) = -5*c**3 + 11*c**2 - c - 5. Suppose -5*v - 12 - 29 = 4*y, 20 = -4*v. Let g(d) = d**3. Let l(x) = y*g(x) - k(x). What is l(11)?
16
Let t be (-9)/15*(3 + (-209)/33) + 1. Let m(y) = -y**2 - y + 1. Let k(n) = n**3 + 3*n**2 - n - 3. Let x(o) = -k(o) - 3*m(o). Determine x(t).
-15
Let a(w) = -24*w**3 - 31*w**2 + 13*w + 12. Let f(s) = 11*s**3 + 15*s**2 - 7*s - 7. Let q(m) = 5*a(m) + 11*f(m). Give q(-11).
-6
Let t = -26 - -15. Let h(m) be the third derivative of m**6/720 + 13*m**5/120 - m**4/2 - 2*m**2. Let s(n) be the second derivative of h(n). Give s(t).
2
Let f(z) = -z**3 - 6*z**2 + 2*z - 2. Let x be (50/(-4) - 5)*-4. Let l be (-8 - x/(-84)) + 1/6. Calculate f(l).
33
Let o(a) = -a**2 + a. Let t(s) = 6*s**3 - s**2 + 5*s - 9. Let m be t(3). Suppose 7 = -b - 5*z - 4, -5*b + z = m. Let p = b + 31. Give o(p).
0
Let k(v) be the second derivative of -v**3/6 - 53*v. Let z(w) = 2*w - 4 + 3*w + 2. Let j(y) = 4*k(y) + z(y). Calculate j(-3).
-5
Let u(v) be the third derivative of -v**6/120 + v**5/20 + 11*v**4/24 - 7*v**3/3 - 2*v**2 - 781. What is u(5)?
-9
Let t(s) = -s + 37. Let i = 3831 - 3819. Calculate t(i).
25
Suppose x + 3*u - 79 = -u, x - 2*u - 55 = 0. Let l(f) = -18*f - 26*f - 9 - 18*f + x*f. What is l(13)?
4
Suppose 37*g + 62*g = 120 + 177. Let m(o) be the second derivative of 3/2*o**2 + 0 - 29*o + 1/3*o**g. Calculate m(5).
13
Let d(k) = -15*k - k**3 - 18*k + 1 - 16*k - 6*k**2 + 56*k. Let l(h) = -h**3 - h**2 + h - 2. Let m be l(-2). Suppose m = -4*u - 9 - 19. Give d(u).
1
Let c(j) = -6*j - 3. Let q be c(-1). Let x be (1 + -5 - -8) + q. Let r(h) = 16*h + 1. Let s(v) = -9*v. Let l(u) = 4*r(u) + 7*s(u). Determine l(x).
11
Let t(b) = 10*b**2 + 2*b + 1. Let l(d) = d**2 - 7*d + 18. Let n be l(6). Let y = 2 + 0. Suppose -y*h - 2*w = -6, -n = -3*w - 0*w. Give t(h).
9
Let z = -4 + 1. Let l(t) be the first derivative of -1/2*t**2 + 1/4*t**4 - t + 4/3*t**3 - 133. What is l(z)?
11
Let p(c) = 2*c**2 + 172*c + 342. Let l be p(-2). Let k(o) = 6*o - 67. What is k(l)?
-31
Let y(p) = -121*p - 1 - 132*p**3 + p**2 + 135*p**3 + 121*p. Suppose -6*z + 7*z - 5*d + 2 = 0, 1 = 2*z - 5*d. Let u = z + -5. Determine y(u).
-21
Let c(p) = p - 22. Let w(q) = q**3 + 2*q**2 - 19*q + 3. Let h be w(4). Calculate c(h).
1
Let t be 4/4 + (-8)/2. Let f(b) = -3*b**2 - 83*b**3 - 5*b + 0*b - 2 + 82*b**3. Determine f(t).
13
Let v(l) = 67*l + 1136. Suppose -355 = 19*o + 4*b, 0 = -o + 5*b - 107 + 130. What is v(o)?
-3
Let o(t) = -t**3 + 7*t**2 + 5*t - 6. Let k be o(6). Let y = -57 + k. Let u(n) = -n**2 + 2*n - 3. What is u(y)?
-6
Let i(o) be the third derivative of o**4/6 + o**3/2 - 5*o**2. Let p be ((-390)/(-4) - -1) + (-1)/(-2). Let u = 97 - p. What is i(u)?
-5
Suppose 0 = -61*i + 49*i. Let k(v) = -v**3 + 10*v**2 + 11*v + 3. Let n be k(11). Let w(o) = -2*o + 3*o + 5*o**3 - 6*o**n + 0*o + 5. Determine w(i).
5
Let y(i) be the third derivative of -i**5/120 + i**4/12 + 8*i**3/3 - 56*i**2. Let a(q) be the first derivative of y(q). What is a(-2)?
4
Let r be (76/(-152))/((-2)/(-72)). Let f be ((-6)/r)/(5 - 1430/285). Let p(w) = -w**3 - 18*w**2 + 19*w - 2. Calculate p(f).
-2
Let j(l) = -7*l + 129. Let i(y) = 9*y - 181. Let b(f) = -3*i(f) - 4*j(f). Determine b(8).
35
Let p = 4696/71565 + 5/4771. Let z(w) be the third derivative of 12*w**2 - 1/4*w**4 - p*w**5 + 0 + 1/120*w**6 + 2/3*w**3 + 0*w. Determine z(5).
-1
Let l(h) = 660*h + 656*h + 661*h - 1995*h. Let u = -4 + 3. Calculate l(u).
18
Let s(f) be the third derivative of -f**6/40 + 13*f**5/30 - 3*f**4/4 + 3*f**3 + 23*f**2 + 68. Give s(8).
2
Let y(d) = -d + 3. Let o be y(-5). Let g(r) = 249*r + 6. Let s(b) = 50*b. Let n(k) = -g(k) + 5*s(k). Calculate n(o).
2
Let s(r) = r**3 - 7*r**2 + 6*r + 4. Let g(b) = -b**3 - 12*b**2 - 33*b - 3. Let t be g(-8). What is s(t)?
-16
Let t(y) = -y - 2. Let q(x) = x + 3. Let z(s) = -5*q(s) - 6*t(s). Let o be (-13 - (-3068)/234)*-81. Determine z(o).
-12
Let x(j) = 3*j - 3. Suppose -56 = -3*i - 5*b, 6*i - 40 = 4*i - 2*b. Let v = 49 + i. Let c = 73 - v.